 value of 4 - (4 - (-9 + 6 + 3))?
0
Calculate 0 - ((1 - 0) + 2).
-3
What is the value of -5 + 4 + -4 + 11 - 7?
-1
Calculate -8 + 13 + -8 + (-2 - -1).
-4
Evaluate 6 - (1 - (-5 - -11) - -6).
5
What is the value of -9 + 1 - (23 + -27)?
-4
What is the value of -8 + 3 + 2 + 5?
2
Calculate -1 + (-3 - -2) - -2 - -2.
2
What is the value of (4 - 3 - -1) + -6 + 7?
3
1 + (4 - -3 - 10)
-2
What is -6 - (4 - 10) - 2?
-2
What is the value of -2 - (-2 + 0) - -1 - 6?
-5
Calculate (3 - (5 - 2 - 7)) + -3.
4
Evaluate (1 - (3 - 3 - -3)) + 2.
0
-12 + (8 - 9 - -9)
-4
Evaluate -3 - (-9 + 2 + 2).
2
Evaluate -5 + (0 - -12) + -8.
-1
(-3 - -1) + 1 + -7 + 3
-5
What is 4 - 2 - (6 + -4 + -3)?
3
What is 3 + -5 + (-1 - 0) + -1?
-4
Evaluate -5 + 4 - 2 - 1.
-4
What is 0 + 3 + -2 + -6?
-5
What is 0 - -3 - 8 - -3 - 2?
-4
Calculate 3 + -3 + -6 + 5.
-1
Evaluate -1 + 3 - (5 - (1 - 1)).
-3
-6 - (-6 - (5 + -3))
2
Evaluate -8 + 13 - ((7 - 4) + 2).
0
Calculate 1 + 8 + -10 + -6.
-7
Calculate -14 - -17 - (1 - 1).
3
-7 + -1 + 1 + 5
-2
Calculate 21 + -23 - (2 + -7).
3
Evaluate (3 - 3) + -2 + 19 + -25.
-8
Calculate 4 - (2 - (4 + -1) - -3).
2
-15 + 19 + 4 + -4
4
What is the value of (7 + -2 - 4) + 9 + -3?
7
What is the value of 0 + -2 + 9 + -4?
3
What is 8 + (9 - 5) + -17?
-5
Calculate 7 - (6 - 0) - 5.
-4
What is the value of 2 + (0 + -4 - (-17 - -21))?
-6
What is the value of -6 + (4 - 0) - (0 + 0)?
-2
Calculate (-3 - (3 + -5)) + -3 + 2.
-2
Calculate 4 + -7 - (-5 + 3).
-1
Evaluate 6 - (0 + 2 + -7 - -12).
-1
0 + (4 - (9 - -5))
-10
Calculate -2 - (-7 - -2) - -2.
5
19 + -24 - (-15 + 0)
10
Evaluate (2 - 3) + 6 - (3 - 2).
4
What is the value of -7 - (-17 + 4) - (7 - -1)?
-2
What is (-9 - 1) + 24 + -19 + 5?
0
Calculate 1 - (2 - 0) - 2.
-3
Calculate (-1 - 5 - -4) + -3 - -3.
-2
What is the value of 9 + -11 - -13 - 7?
4
What is -7 + (1 - 5) + 3 + 1?
-7
Calculate -41 - -39 - ((-2 - -1) + -6).
5
Calculate 7 + (7 - 12) + -6.
-4
Evaluate 3 + 0 + (10 - 8).
5
Calculate 0 - -7 - (22 - 19).
4
What is the value of 0 + 0 - (-6 + 10 + -3)?
-1
What is -3 - -5 - (-1 + 1 + 1)?
1
Calculate 5 - (4 - 2) - 3 - 8.
-8
What is the value of -3 - (-2 + (-2 - -4) + 0)?
-3
Calculate 2 + -2 + 3 - (-97 + 110).
-10
What is 4 + -2 + -2 - (-9 + 12)?
-3
Evaluate -3 + 0 - (43 + -51).
5
Evaluate 0 + -4 - (-1 - 1).
-2
What is (2 - 9) + (-3 - -8)?
-2
What is the value of 3 - (0 - (1 - 4))?
0
What is (-3 + 8 - -5) + -7?
3
1 + -3 + 14 + -10
2
What is -14 + -5 + 18 - (-9 - -1)?
7
What is the value of 3 - 0 - (1 - 3)?
5
Evaluate 2 + 1 - (84 - 73).
-8
(-3 - 3) + -1 + (0 - -2)
-5
What is the value of 9 - (2 + (-6 - -8))?
5
What is -7 + 12 + (-2 - -1 - 5)?
-1
What is (-16 + 13 - (1 + -8)) + -3?
1
What is the value of (-3 - -5) + -2 + -1 - 0?
-1
Evaluate 1 - 8 - (-3 + (4 - 7)).
-1
Evaluate (2 - 0) + -25 + 26.
3
What is 4 - 5 - (5 + 1 + -2)?
-5
6 + -9 - (6 + -6)
-3
(-4 + 3 - -1) + (-3 - 2)
-5
What is the value of -3 + 7 + 0 - -1?
5
6 + (2 - -1 - 6)
3
Evaluate 6 + (14 - 6) - 9.
5
What is -10 + 9 - (4 - (-3 + 12))?
4
What is 2 + (7 - (13 - 9))?
5
(-44 - -47) + (-9 - -1)
-5
What is 2 + -1 + 0 - (-3 + 3)?
1
Evaluate (-6 - -5) + -3 - (-2 - 0).
-2
(-3 - 15 - -3) + 10
-5
-2 + -1 + 2 + 2
1
Evaluate -7 + 6 - (-5 - -1).
3
What is 1 + -5 - (-4 - 4)?
4
Evaluate 4 + 2 + 42 + -51.
-3
Calculate (0 - 0) + (5 - (5 - 1)).
1
What is the value of -1 + 6 + 4 + -14?
-5
What is -7 - (-4 + -5) - 3?
-1
What is the value of -2 + -1 + (5 - (1 - -2))?
-1
(-4 - (4 - 4)) + 4
0
What is -1 + -2 - (-4 + 2 + -4)?
3
What is -1 - (9 + -7 - -1)?
-4
Evaluate 1 - (-1 + -1) - (8 + -4).
-1
Calculate 3 + (-3 - -1 - -5) - 6.
0
Calculate 3 + (3 - 9) - -9.
6
Evaluate -7 + -6 + 5 + 14.
6
-3 + 1 + -3 + 4
-1
What is the value of 5 - (-2 - -1 - -2)?
4
What is the value of 6 + 0 - (0 + 3 - 3)?
6
What is 8 + (-12 - -8) + -4?
0
What is the value of -3 + 7 + 3 + -12?
-5
Evaluate (0 - 5) + 2 - (-24 - -25).
-4
Evaluate 2 + -2 + 2 - (-1 + 3).
0
What is 4 + (-4 - (8 + -4))?
-4
What is the value of 6 - (14 - 5) - -7?
4
-11 + 0 + (6 - 8) - -6
-7
What is (3 - -1) + -12 + 5 - -4?
1
What is 0 + 3 + (-1 - -1) + 2?
5
0 - 1 - (-8 + 5)
2
What is -2 + (-4 - -1 - -6)?
1
Calculate -1 + 13 + (6 - 9).
9
2 - 1 - (8 - 10)
3
What is 16 + -20 + 2 + 0?
-2
What is the value of -14 + 5 + 1 - (-2 - 11)?
5
-2 + 9 + (-5 - -2 - -5)
9
What is the value of (-5 - -12) + 0 - 2?
5
(35 - 14) + -26 - (-8 - 1)
4
Evaluate -4 + (7 + -3 - 3 - -2).
-1
What is the value of (-2 - 1) + 9 + -1 + -1?
4
Calculate 8 + (4 - 6) + (-10 - -15).
11
Calculate 6 + 1 + 0 - 8.
-1
What is the value of 3 + 8 + 4 + -6 - 8?
1
Calculate -6 + -1 + (2 - -5).
0
What is the value of 5 + (2 - (0 - -3))?
4
What is (2 - 3) + -2 + (213 - 203)?
7
-7 + (3 - 7) + 14
3
Evaluate -3 + (3 - (-6 + 2)).
4
Calculate 1 - (10 + -6 - 4).
1
Calculate 3 - (-5 - -2 - -2).
4
What is -1 + -1 - (-7 + (7 - 4))?
2
What is -2 + (2 + (1 - 2) - -2)?
1
Calculate (5 - 5 - -3) + 1 + -1.
3
What is the value of 0 + 0 + (15 - 16) + -4?
-5
Calculate 1 - (8 - (-4 + 12 + 3)).
4
What is the value of 1 - (1 + (-4 + 2 - 0))?
2
Calculate 2 - (5 + -2 + -2).
1
Evaluate (-51 - -51) + -1 + 2 - 5.
-4
What is the value of -11 + 7 - (4 - -3 - 3)?
-8
What is the value of 4 + (-4 - (-3 - 5)) + -10?
-2
What is 2 + 1 + -1 + -3 + 4?
3
What is (4 - 7) + 1 - -4?
2
115 - 127 - (1 + -6)
-7
What is -4 + -14 + 7 - -4?
-7
(7 - 2) + -7 + -1 - -6
3
Evaluate -6 - -4 - -1 - -2.
1
What is the value of -1 + 7 + (4 - (7 - 2))?
5
What is the value of 2 - (2 + 8) - -4?
-4
What is 0 - (-11 - -12) - (5 - 0)?
-6
-5 + 1 - (0 + -11 + 6)
1
What is -19 + 14 + (1 - 1)?
-5
Calculate -3 - (4 - 14) - 2.
5
Evaluate -6 - (-23 + 11 - 1).
7
Evaluate (-3 - 1) + (8 - (4 - -1)).
-1
9 + (6 + -14 - 1)
0
What is the value of -13 - -7 - (-3 - (1 + -3))?
-5
Calculate 2 - -4 - ((-7 - -7) + 4).
2
-1 + (-5 - -7) + -6
-5
What is 2 - (3 + 0 + -2 - -2)?
-1
Evaluate 7 + -3 + 0 + 1.
5
10 + -5 + (2 - 2)
5
Calculate 6 - -1 - (9 + -6).
4
What is the value of -2 + 0 + (0 - -6)?
4
Calculate 4 + -4 + (2 - 13 - -6).
-5
Calculate 2 - 3 - (-3 - (2 - 2)).
2
Calculate (-53 - -49) + (8 - -1).
5
Evaluate -19 + -5 + 13 + 6.
-5
Evaluate -30 - -33 - (-1 - (-1 - -4)).
7
0 - (-9 + 1) - (75 - 74)
7
Calculate 23 - 21 - (1 + 7).
-6
Evaluate (3 - 1) + (-14 - -9) + 9.
6
Calculate (2 - 2) + 0 + -1.
-1
-1 - 2 - (-2 + 2 + -1)
-2
(-5 - (4 - 4)) + (-2 - -3)
-4
Evaluate -7 - (-5 + (3 - (-1 + 1))).
-5
What is -5 + 12 + -8 - -2?
1
What is -8 - (-9 - 3) - 0?
4
What is 2 + 0 + 2 + -2?
2
Evaluate -1 - -6 - (33 - 23).
-5
What is 2 - (-5 + 5 + 1)?
1
What is the value of 3 + -8 + 5 + 0?
0
Evaluate -13 + -6 + 7 - -7 - 0.
-5
What is 3 - (-2 + 6 + -14 - -5)?
8
What is -2 + 1 + (3 - (7 - 3))?
-2
Calculate 1 + 14 + -5 + -9.
1
(4 - 0) + -3 + 3
4
Calculate (1 - (-2 + 4 - 2)) + -3.
-2
8 - 16 - -5 - 0
-3
Calculate (1 + -3 - -6) + -4.
0
Calculate 1 + (-4 - -4 - (-1 - 4)).
6
What is the value of (1 - -1) + -5 + -4 + 7?
0
Evaluate 5 + -1 + (-4 - -5 - 2).
3
What is 6 - 0 - (2 + 1)?
3
(-27 - -24) + 0 + 8
5
Calculate (4 - 2 - -1) + -3 + 2.
2
What is (-10 - (3 + -2)) + (17 - 13)?
-7
Calculate 1 + -3 + 1 + -1 + 0.
-2
What is 3 + 2 + (-11 + 10 - -4)?
8
What is (3 - (-1 - (-5 + 7))) + -6?
0
Evaluate (17 - 12) + (6 - 19).
-8
What is -2 + (-4 - -5) + -1 + 2?
0
What is the value of 11 + 0 + -5 - 5?
1
What is (1 + -11 - (-3 - 1)) + 3?
-3
What is the value of 1 - (3 - (-1 - -5) - -1)?
1
Calculate (-4 + -7 + 5 - 7) + 7.
-6
What is the value of 1 + 9 + -3 + -10 + 8?
5
3 - (4 - (1 + -1 - -4))
3
-3 - ((-1 - -3) + -3 + 2)
-4
What is the value of 2 + -13 - (27 - 38)?
0
0 + (3 - (-3 + 0 + 3))
3
7 - (3 - (-1 + (1 - -1)))
5
Calculate 28 + -26 - (8 + 1 + -3).
-4
What is 8 + -2 + (0 - 2)?
4
Evaluate 2 + (0 + -14 - -7).
-5
Calculate -7 - (5 + -17 + 8).
-3
What is the value of (-4 - 0) + (-8 + 5 - -2)?
-5
-2 - (1 - 8) - (14 + -12)
3
What is 4 - (0 + (4 - 4)) - 0?
4
What is 6 + -1 + 2 + -3 + -4?
0
What is the value of (-7 - -2 - -12) + -5?
2
-7 - (2 + 3 + -12) - 7
-7
Evaluate -2 - 4 - (10 - 8).
-8
What is -14 + (-12 - -12) - -20?
6
What is the value of 8 + -1 + -6 + 0 + -1?
0
What is the value of 1 + 1 + 4 + -7 - -3?
2
Evaluate -5 + -1 + -5 + 4 - -3.
-4
Evaluate (3 - 7) + (-4 - -3).
-5
-6 + 3 + -1 + 2 + -2
-4
Calculate -1 - (-6 - -1) - (-1 - -2).
3
Evaluate (-4 - (4 - 4)) + 2.
-2
-11 - -14 - (3 - 6)
6
What is 1 - (-7 - -4) - 4